crafers weather station

 Latitude S 34° 59' 22"    Longitude E 138° 43' 40"    Elevation 500 m

6.4 °C




  NOAA Style Reports for Crafers - commenced 28/12/2013.





Select a Year or Month report

Report for 2014 Mar
                   Monthly Climatological Summary for Mar 2014

Name: Crafers Weather   City: Adelaide   State: South Australia
Elevation: 500 m  Lat: S 34 59' 22"   Lon: E 138 43' 40"

                  Temperature (C), Rain (mm), Wind Speed (km/h)

                                      Heat  Cool        Avg
    Mean                              Deg   Deg         Wind                 Dom
Day Temp  High   Time   Low    Time   Days  Days  Rain  Speed High   Time    Dir
----------------------------------------------------------------------------------
 1  15.6  24.4   14:51  11.4   22:40   2.1   0.0   0.0   2.8  20.9   10:50    SE
 2  17.8  26.3   15:50  12.6   23:26   1.1   0.0   0.0   2.5  14.8   14:51   ESE
 3  22.7  30.4   15:50  17.6   00:01   0.0   0.5   0.0   2.6  18.4   16:52   ENE
 4  23.1  32.4   14:07  13.8   04:18   0.3   1.4   0.0   2.5  23.4   08:54   SSE
 5  13.2  20.5   13:43   7.7   07:06   3.5   0.0   0.0   4.9  24.5   12:18   SSE
 6  12.9  20.9   15:06   7.9   06:53   3.9   0.0   0.0   4.5  20.9   15:36    SE
 7  14.0  20.6   15:51  10.7   22:31   2.8   0.0   0.0   3.4  25.6   15:34    SE
 8  21.7  29.5   16:45  13.0   09:00   0.1   0.2   0.0   2.7  15.8   12:20   ENE
 9  25.5  33.4   15:00  18.7   03:53   0.0   1.4   0.0   2.2  24.5   14:12   ENE
10  25.7  33.2   13:46  18.8   07:40   0.0   1.0   0.1   1.4  23.4   06:15     E
11  17.7  31.5   12:01  11.8   07:43   1.5   0.4   2.7   2.2  25.6   13:31   SSE
12  14.0  22.4   16:05   9.4   07:08   3.2   0.0   0.0   2.4  14.8   09:41   ESE
13  16.3  25.4   15:20  11.2   23:35   2.0   0.0   0.0   1.9  13.3   12:31   ENE
14  19.4  25.5   13:50  15.4   09:00   0.0   0.0   0.1   2.9  22.0   08:48   ESE
15  12.9  19.1   12:17   9.6   04:33   3.4   0.0  13.5   4.7  45.4   16:08    SW
16  14.6  17.8   14:36  11.2   09:00   1.4   0.0  21.3   4.9  35.6   20:05    SW
17  15.6  19.3   13:29  14.2   23:34   0.8   0.0   5.9   2.7  22.0   10:49     S
18  15.8  22.5   16:15  11.5   07:40   1.6   0.0   0.1   2.1  23.4   17:27    SE
19  17.2  25.7   16:00  13.1   03:29   0.9   0.0   0.0   2.1  15.8   10:50   ENE
20  22.1  29.6   14:38  13.6   08:52   0.1   0.3   0.0   2.5  40.3   08:27   SSE
21  11.0  16.3   14:10   6.6   07:12   5.0   0.0   0.0   7.7  39.2   10:06   SSE
22  11.8  19.7   15:44   8.1   22:29   4.6   0.0   0.0   2.7  22.0   09:52    SE
23  11.1  16.1   16:12   8.7   21:19   4.9   0.0   0.4   2.5  20.9   11:36     S
24  12.7  18.3   13:38   9.7   05:53   3.5   0.0   0.4   5.1  24.5   18:47   SSE
25  12.3  15.8   13:52  10.7   09:02   3.7   0.0   0.6   3.5  22.0   14:28   SSE
26  17.5  25.3   16:19  12.9   09:00   0.7   0.0   1.2   3.0  22.0   15:24   ESE
27  17.9  27.8   16:19  11.7   07:37   1.0   0.0   0.0   0.8  11.2   13:20    NE
28  17.6  26.6   15:28  13.0   04:15   1.1   0.0   0.0   1.4  18.4   15:31   ESE
29  17.3  25.8   13:50  11.4   05:05   1.6   0.0   0.0   1.6  17.3   15:45    NE
30  23.3  29.5   15:30  17.1   09:00   0.0   0.2   0.0   2.1  14.8   13:37   NNE
31  24.2  30.4   16:20  21.9   23:34   0.0   0.2   0.0   1.7  15.8   16:42    NE
----------------------------------------------------------------------------------
    17.2  33.4     9     6.6    21    54.8   5.6  46.3   2.9  45.4    15      SE

Max >=  40.0:  0
Max <=  25.0: 14
Min <=  16.0: 26
Min <=   5.0:  0
Max Rain: 21.3 on day 16
Days of Rain: 8 (>= 0.2 mm)  4 (>= 2.0 mm)  1 (>= 20.0 mm)
Heat Base: 16.0  Cool Base: 27.0  Method: Integration