crafers weather station

 Latitude S 34° 59' 22"    Longitude E 138° 43' 40"    Elevation 500 m

5.4 °C




  NOAA Style Reports for Crafers - commenced 28/12/2013.






Report for 2014 Feb
                   Monthly Climatological Summary for Feb 2014

Name: Crafers Weather   City: Adelaide   State: South Australia
Elevation: 500 m  Lat: S 34 59' 22"   Lon: E 138 43' 40"

                  Temperature (C), Rain (mm), Wind Speed (km/h)

                                      Heat  Cool        Avg
    Mean                              Deg   Deg         Wind                 Dom
Day Temp  High   Time   Low    Time   Days  Days  Rain  Speed High   Time    Dir
----------------------------------------------------------------------------------
 1  30.9  41.8   14:46  24.1   05:45   0.0  12.6   2.3   2.1  19.4   14:54   ENE
 2  31.9  41.9   16:25  18.2   08:59   0.0  13.5   0.0   3.0  24.5   12:22    SE
 3  15.1  22.7   12:37   9.7   06:23   3.8   0.6   0.0   8.7  35.6   13:52    SE
 4  16.8  24.9   16:06  11.4   05:48   2.8   1.3   0.0   4.1  33.1   10:34    SE
 5  23.3  35.0   15:57  15.0   03:41   0.6   5.7   0.0   2.1  15.8   16:26   ESE
 6  26.0  36.0   14:54  18.1   23:58   0.0   7.7   0.0   1.6  15.8   12:55    SW
 7  28.6  37.1   15:25  21.8   21:23   0.0  10.3   0.0   2.7  18.4   08:07   NNE
 8  30.7  40.1   13:47  16.7   07:23   0.1  12.5   0.0   4.0  29.5   13:39   SSW
 9  17.0  28.6   13:19   9.9   06:43   3.7   2.4   0.0   4.3  24.5   09:32    SE
10  22.5  32.5   16:51  14.4   09:00   0.2   4.4   0.0   3.3  22.0   09:33   ENE
11  30.5  40.8   16:06  23.1   01:37   0.0  12.2   0.0   2.1  15.8   14:11    NE
12  29.9  40.3   14:24  19.4   08:59   0.0  11.6   0.8   2.7  18.4   09:57     E
13  18.8  21.0   10:54  17.4   13:15   0.1   0.6  72.9   0.9  12.2   08:18   ENE
14  18.9  20.1   13:14  18.3   04:45   0.0   0.6  18.6   3.4  25.6   18:47     E
15  16.3  22.9   13:28  12.4   05:53   2.8   0.8   0.6   3.6  27.0   23:07     S
16  15.2  24.3   16:01  10.4   07:21   2.7   0.4   0.1   2.7  20.9   09:04   SSE
17  18.3  25.4   15:13  13.8   00:17   0.6   0.0   0.0   1.8  17.3   12:06   ESE
18  16.3  22.6   15:04  11.3   08:47   1.3   0.0   7.3   2.9  24.5   03:40    SW
19  11.6  17.3   16:36   7.3   06:34   4.4   0.0   2.4   2.8  34.2   17:43    SW
20  12.4  18.6   12:31   8.9   23:20   3.8   0.0   0.1   1.9  17.3   11:27     S
21  12.4  17.9   14:05   9.7   06:25   3.8   0.0   0.2   4.5  20.9   16:56   SSE
22  14.1  20.8   14:27   9.5   07:02   2.7   0.0   0.0   4.8  23.4   18:08    SE
23  17.6  28.3   15:30  10.9   02:14   1.8   0.1   0.0   2.1  13.3   17:34   ESE
24  21.1  30.7   13:23  15.0   06:03   0.1   0.5   0.0   1.7  11.2   11:19   NNW
25  16.7  24.2   11:46  11.4   00:51   1.7   0.0   0.0   2.1  18.4   15:42   SSW
26  13.4  21.4   13:52   8.5   06:34   3.4   0.0   0.0   4.0  23.4   18:21   SSE
27  14.4  23.2   15:31   8.1   07:10   3.0   0.0   0.0   3.8  25.6   10:02    SE
28  15.0  23.6   14:45  10.8   04:25   2.5   0.0   0.0   4.5  19.4   16:59    SE
----------------------------------------------------------------------------------
    19.8  41.9     2     7.3    19    45.9  97.8 105.3   3.2  35.6     3      SE

Max >=  40.0:  5
Max <=  25.0: 15
Min <=  16.0: 19
Min <=   5.0:  0
Max Rain: 72.9 on day 13
Days of Rain: 8 (>= 0.2 mm)  5 (>= 2.0 mm)  1 (>= 20.0 mm)
Heat Base: 16.0  Cool Base: 27.0  Method: Integration