crafers weather station

 Latitude S 34° 59' 22"    Longitude E 138° 43' 40"    Elevation 500 m

6.5 °C




  NOAA Style Reports for Crafers - commenced 28/12/2013.





Select a Year or Month report

Report for 2014 Jan
                   Monthly Climatological Summary for Jan 2014

Name: Crafers Weather   City: Adelaide   State: South Australia
Elevation: 500 m  Lat: S 34 59' 22"   Lon: E 138 43' 40"

                  Temperature (C), Rain (mm), Wind Speed (km/h)

                                      Heat  Cool        Avg
    Mean                              Deg   Deg         Wind                 Dom
Day Temp  High   Time   Low    Time   Days  Days  Rain  Speed High   Time    Dir
----------------------------------------------------------------------------------
 1  20.1  31.1   10:19  12.8   05:59   1.7   3.5   8.4   1.6  25.6   14:53     S
 2  13.2  15.1   11:24  11.9   03:12   5.1   0.0   1.9   1.3  15.8   14:59   ESE
 3  14.3  20.2   13:40  10.2   01:02   4.1   0.1   0.6   2.9  25.6   09:50    SW
 4  15.2  21.6   16:30  10.6   22:14   3.5   0.5   0.0   3.6  24.5   11:19    SW
 5  12.8  19.5   10:15   7.7   06:19   5.5   0.0   7.4   3.5  39.2   11:08    SW
 6  12.1  20.0   13:31   7.9   06:07   5.9   0.0   0.0   5.9  30.6   17:59   SSE
 7  13.7  20.4   15:18   8.1   06:16   4.8   0.2   0.0   4.7  29.5   12:25    SE
 8  17.1  24.9   15:10  10.9   23:37   2.9   1.7   0.0   2.5  20.9   15:46    SE
 9  23.5  31.3   15:26  16.2   23:33   0.2   5.4   0.0   2.4  18.4   12:22   SSW
10  22.3  36.0   15:23  11.8   06:38   1.7   5.7   0.0   2.1  18.4   13:41   SSE
11  18.3  28.3   14:33  12.8   05:03   2.6   2.6   0.0   4.2  19.4   14:53    SE
12  23.5  31.4   15:59  16.7   23:05   0.1   5.1   0.0   3.3  24.5   16:07     E
13  31.2  40.2   16:17  24.4   01:13   0.0  12.9   0.0   2.4  19.4   12:50    NW
14  30.6  42.0   13:25  25.0   18:57   0.0  12.3   0.4   3.0  35.6   15:28   SSW
15  32.4  41.1   16:16  26.3   01:46   0.0  14.1   0.0   2.0  15.8   06:50    SE
16  33.8  41.3   14:49  27.2   00:54   0.0  15.5   0.0   3.0  23.4   12:11     E
17  26.0  39.0   14:50  16.8   07:57   0.2   7.9   0.6   4.6  30.6   19:38   SSE
18  17.3  26.2   15:21  11.1   06:24   2.7   1.7   0.0   4.8  23.4   05:12    SE
19  16.4  24.8   15:39  11.4   06:57   3.2   1.4   0.0   4.5  24.5   11:17    SE
20  16.6  25.9   14:42  11.1   03:31   3.3   1.6   0.0   5.1  25.6   08:21    SE
21  15.5  23.9   14:59  10.4   06:19   3.7   1.0   0.0   6.0  24.5   12:10    SE
22  18.1  28.0   16:07  12.6   23:39   2.1   1.9   0.0   2.6  22.0   09:19   ESE
23  22.7  31.8   14:15  16.5   06:35   0.4   4.7   0.1   2.0  17.3   13:45    SE
24  16.8  25.8   15:51  11.5   03:03   3.1   1.6   0.0   5.2  27.0   08:48   SSE
25  16.2  24.4   15:40  11.1   02:44   3.2   1.1   0.0   3.7  25.6   16:10   ESE
26  24.3  31.7   16:33  19.6   05:24   0.0   6.0   0.0   2.8  18.4   11:55    NE
27  29.1  36.5   15:07  22.3   05:57   0.0  10.8   0.0   2.8  25.6   08:47    NE
28  25.2  39.6   14:01  14.4   05:58   1.4   8.2   0.0   4.9  30.6   09:23    SE
29  20.1  26.7   15:23  15.3   22:07   0.6   2.4   0.0   3.1  22.0   13:24   ESE
30  25.3  37.1   15:10  15.2   03:03   0.6   7.6   0.0   1.9  19.4   15:11   ESE
31  27.4  37.8   15:39  20.3   23:58   0.0   9.1   0.0   2.3  13.3   14:10     E
----------------------------------------------------------------------------------
    21.0  42.0    14     7.7     5    62.6 146.6  19.4   3.4  39.2     5      SE

Max >=  40.0:  4
Max <=  25.0: 10
Min <=  16.0: 20
Min <=   5.0:  0
Max Rain: 8.4 on day 1
Days of Rain: 6 (>= 0.2 mm)  2 (>= 2.0 mm)  0 (>= 20.0 mm)
Heat Base: 18.3  Cool Base: 18.3  Method: Integration